{"id":816,"date":"2023-10-24T20:47:46","date_gmt":"2023-10-24T23:47:46","guid":{"rendered":"http:\/\/edi.ubiobio.cl\/?page_id=816"},"modified":"2023-10-24T22:28:27","modified_gmt":"2023-10-25T01:28:27","slug":"816-2","status":"publish","type":"page","link":"http:\/\/edi.ubiobio.cl\/?page_id=816","title":{"rendered":"PROCESO DE PR\u00c1CTICA 2023-2024"},"content":{"rendered":"<div class=\"fusion-fullwidth fullwidth-box fusion-builder-row-1 fusion-flex-container nonhundred-percent-fullwidth non-hundred-percent-height-scrolling\" style=\"background-color: rgba(255,255,255,0);background-position: center center;background-repeat: no-repeat;border-width: 0px 0px 0px 0px;border-color:#e2e2e2;border-style:solid;\" ><div class=\"fusion-builder-row fusion-row fusion-flex-align-items-flex-start\" style=\"max-width:1248px;margin-left: calc(-4% \/ 2 );margin-right: calc(-4% \/ 2 );\"><div class=\"fusion-layout-column fusion_builder_column fusion-builder-column-0 fusion_builder_column_1_5 1_5 fusion-flex-column\"><div class=\"fusion-column-wrapper fusion-flex-justify-content-flex-start fusion-content-layout-column\" style=\"background-position:left top;background-repeat:no-repeat;-webkit-background-size:cover;-moz-background-size:cover;-o-background-size:cover;background-size:cover;padding: 0px 0px 0px 0px;\"><\/div><style type=\"text\/css\">.fusion-body .fusion-builder-column-0{width:20% !important;margin-top : 0px;margin-bottom : 20px;}.fusion-builder-column-0 > .fusion-column-wrapper {padding-top : 0px !important;padding-right : 0px !important;margin-right : 9.6%;padding-bottom : 0px !important;padding-left : 0px !important;margin-left : 9.6%;}@media only screen and (max-width:1024px) {.fusion-body .fusion-builder-column-0{width:20% !important;order : 0;}.fusion-builder-column-0 > .fusion-column-wrapper {margin-right : 9.6%;margin-left : 9.6%;}}@media only screen and (max-width:640px) {.fusion-body .fusion-builder-column-0{width:100% !important;order : 0;}.fusion-builder-column-0 > .fusion-column-wrapper {margin-right : 1.92%;margin-left : 1.92%;}}<\/style><\/div><div class=\"fusion-layout-column fusion_builder_column fusion-builder-column-1 fusion_builder_column_3_5 3_5 fusion-flex-column\"><div class=\"fusion-column-wrapper fusion-flex-justify-content-flex-start fusion-content-layout-column\" style=\"background-position:left top;background-repeat:no-repeat;-webkit-background-size:cover;-moz-background-size:cover;-o-background-size:cover;background-size:cover;padding: 0px 0px 0px 0px;\"><style type=\"text\/css\">@media only screen and (max-width:1024px) {.fusion-title.fusion-title-1{margin-top:10px!important; margin-right:0px!important;margin-bottom:15px!important;margin-left:0px!important;}}@media only screen and (max-width:640px) {.fusion-title.fusion-title-1{margin-top:10px!important; margin-right:0px!important;margin-bottom:10px!important; margin-left:0px!important;}}<\/style><div class=\"fusion-title title fusion-title-1 fusion-title-text fusion-title-size-three\" style=\"margin-top:10px;margin-right:0px;margin-bottom:15px;margin-left:0px;\"><div class=\"title-sep-container title-sep-container-left fusion-no-large-visibility fusion-no-medium-visibility fusion-no-small-visibility\"><div class=\"title-sep sep-double sep-solid\" style=\"border-color:#e2e2e2;\"><\/div><\/div><span class=\"awb-title-spacer fusion-no-large-visibility fusion-no-medium-visibility fusion-no-small-visibility\"><\/span><h3 class=\"title-heading-left fusion-responsive-typography-calculated\" style=\"margin:0;--fontSize:32;line-height:1.3;\">PROCESO DE PR\u00c1CTICA<\/h3><span class=\"awb-title-spacer\"><\/span><div class=\"title-sep-container title-sep-container-right\"><div class=\"title-sep sep-double sep-solid\" style=\"border-color:#e2e2e2;\"><\/div><\/div><\/div><ul class=\"fusion-checklist fusion-checklist-1 fusion-checklist-divider\" style=\"font-size:16px;line-height:27.2px;\"><li class=\"fusion-li-item\" style=\"border-bottom-color:#e2e2e2\"><span style=\"background-color:#f0b323;font-size:14.08px;height:27.2px;width:27.2px;margin-right:11.2px;\" class=\"icon-wrapper circle-yes\"><i class=\"fusion-li-icon fa-check fas\" style=\"color:#ffffff;\" aria-hidden=\"true\"><\/i><\/span><div class=\"fusion-li-item-content\" style=\"margin-left:38.4px;\">\n<p>Comunicarse con posibles centro de pr\u00e1cticas, con carta de presentaci\u00f3n y portafolio. Describir:<\/p>\n<ul>\n<li>Por qu\u00e9 estoy interesado\/a en hacer mi pr\u00e1ctica profesional en este centro de pr\u00e1ctica.<\/li>\n<li>Qu\u00e9 labores puedo realizar, cuales son mis habilidades.<\/li>\n<li>Debo informar cu\u00e1ntas horas de pr\u00e1ctica debo cumplir, un total de <strong>312 horas<\/strong><\/li>\n<li>Debo informar la fecha de inicio y t\u00e9rmino de la pr\u00e1ctica.<\/li>\n<li>Solicitar la confirmaci\u00f3n por parte del centro de pr\u00e1ctica para formalizar el acuerdo e iniciar la pr\u00e1ctica en la fecha correspondiente.<\/li>\n<\/ul>\n<\/div><\/li><li class=\"fusion-li-item\" style=\"border-bottom-color:#e2e2e2\"><span style=\"background-color:#f0b323;font-size:14.08px;height:27.2px;width:27.2px;margin-right:11.2px;\" class=\"icon-wrapper circle-yes\"><i class=\"fusion-li-icon fa-check fas\" style=\"color:#ffffff;\" aria-hidden=\"true\"><\/i><\/span><div class=\"fusion-li-item-content\" style=\"margin-left:38.4px;\">\n<p>Centro de pr\u00e1cticas deben enviar el formulario a la escuela por medio de la p\u00e1gina web de la EDI.<\/p>\n<\/div><\/li><li class=\"fusion-li-item\" style=\"border-bottom-color:#e2e2e2\"><span style=\"background-color:#f0b323;font-size:14.08px;height:27.2px;width:27.2px;margin-right:11.2px;\" class=\"icon-wrapper circle-yes\"><i class=\"fusion-li-icon fa-check fas\" style=\"color:#ffffff;\" aria-hidden=\"true\"><\/i><\/span><div class=\"fusion-li-item-content\" style=\"margin-left:38.4px;\">\n<p>La escuela confirma recepci\u00f3n del formulario de solicitud al centro de pr\u00e1ctica y al estudiante.<\/p>\n<\/div><\/li><li class=\"fusion-li-item\" style=\"border-bottom-color:#e2e2e2\"><span style=\"background-color:#f0b323;font-size:14.08px;height:27.2px;width:27.2px;margin-right:11.2px;\" class=\"icon-wrapper circle-yes\"><i class=\"fusion-li-icon fa-check fas\" style=\"color:#ffffff;\" aria-hidden=\"true\"><\/i><\/span><div class=\"fusion-li-item-content\" style=\"margin-left:38.4px;\">\n<p>La escuela eval\u00faa y avisa si est\u00e1 aprobada \/ rechazada \/ con observaciones, esto ser\u00e1 informado al supervisor y al estudiante.<\/p>\n<\/div><\/li><li class=\"fusion-li-item\" style=\"border-bottom-color:#e2e2e2\"><span style=\"background-color:#f0b323;font-size:14.08px;height:27.2px;width:27.2px;margin-right:11.2px;\" class=\"icon-wrapper circle-yes\"><i class=\"fusion-li-icon fa-check fas\" style=\"color:#ffffff;\" aria-hidden=\"true\"><\/i><\/span><div class=\"fusion-li-item-content\" style=\"margin-left:38.4px;\">\n<p>Inicio de pr\u00e1ctica desde el <strong>15 de Enero 2024<\/strong> hasta finalizar el d\u00eda 8 de Marzo 2024.<\/p>\n<\/div><\/li><li class=\"fusion-li-item\" style=\"border-bottom-color:#e2e2e2\"><span style=\"background-color:#f0b323;font-size:14.08px;height:27.2px;width:27.2px;margin-right:11.2px;\" class=\"icon-wrapper circle-yes\"><i class=\"fusion-li-icon fa-check fas\" style=\"color:#ffffff;\" aria-hidden=\"true\"><\/i><\/span><div class=\"fusion-li-item-content\" style=\"margin-left:38.4px;\">\n<p>Supervisi\u00f3n de pr\u00e1ctica por parte del equipo de la escuela.<\/p>\n<\/div><\/li><li class=\"fusion-li-item\" style=\"border-bottom-color:#e2e2e2\"><span style=\"background-color:#f0b323;font-size:14.08px;height:27.2px;width:27.2px;margin-right:11.2px;\" class=\"icon-wrapper circle-yes\"><i class=\"fusion-li-icon fa-check fas\" style=\"color:#ffffff;\" aria-hidden=\"true\"><\/i><\/span><div class=\"fusion-li-item-content\" style=\"margin-left:38.4px;\">\n<p>Entrega pre-informe de pr\u00e1ctica <strong>31 de Enero 2024<\/strong><\/p>\n<\/div><\/li><li class=\"fusion-li-item\" style=\"border-bottom-color:#e2e2e2\"><span style=\"background-color:#f0b323;font-size:14.08px;height:27.2px;width:27.2px;margin-right:11.2px;\" class=\"icon-wrapper circle-yes\"><i class=\"fusion-li-icon fa-check fas\" style=\"color:#ffffff;\" aria-hidden=\"true\"><\/i><\/span><div class=\"fusion-li-item-content\" style=\"margin-left:38.4px;\">\n<p>Evaluaci\u00f3n de Pr\u00e1ctica Profesional, <strong>Marzo 2024<\/strong><\/p>\n<\/div><\/li><\/ul><div class=\"fusion-separator fusion-full-width-sep\" style=\"align-self: center;margin-left: auto;margin-right: auto;margin-top:15px;margin-bottom:15px;width:100%;\"><\/div><style type=\"text\/css\">@media only screen and (max-width:1024px) {.fusion-title.fusion-title-2{margin-top:10px!important; margin-right:0px!important;margin-bottom:15px!important;margin-left:0px!important;}}@media only screen and (max-width:640px) {.fusion-title.fusion-title-2{margin-top:10px!important; margin-right:0px!important;margin-bottom:10px!important; margin-left:0px!important;}}<\/style><div class=\"fusion-title title fusion-title-2 fusion-title-text fusion-title-size-three\" style=\"margin-top:10px;margin-right:0px;margin-bottom:15px;margin-left:0px;\"><div class=\"title-sep-container title-sep-container-left fusion-no-large-visibility fusion-no-medium-visibility fusion-no-small-visibility\"><div class=\"title-sep sep-double sep-solid\" style=\"border-color:#e2e2e2;\"><\/div><\/div><span class=\"awb-title-spacer fusion-no-large-visibility fusion-no-medium-visibility fusion-no-small-visibility\"><\/span><h3 class=\"title-heading-left fusion-responsive-typography-calculated\" style=\"margin:0;--fontSize:32;line-height:1.3;\">DOCUMENTOS ASOCIADOS<\/h3><span class=\"awb-title-spacer\"><\/span><div class=\"title-sep-container title-sep-container-right\"><div class=\"title-sep sep-double sep-solid\" style=\"border-color:#e2e2e2;\"><\/div><\/div><\/div><div class=\"fusion-text fusion-text-1\"><p>Carta de presentaci\u00f3n Practica Profesional<\/p>\n<\/div><div ><style type=\"text\/css\">.fusion-button.button-1 {border-radius:0px;}.fusion-button.button-1 .fusion-button-text {text-transform:uppercase;}<\/style><a class=\"fusion-button button-flat fusion-button-default-size button-default button-1 fusion-button-span-yes fusion-button-default-type\" target=\"_self\" href=\"http:\/\/edi.ubiobio.cl\/wp-content\/uploads\/2023\/10\/CARTA-DE-PRESENTACION-PRACTICA-PROFESIONAL.pdf\"><i class=\"fa-file-word fas button-icon-left\" aria-hidden=\"true\"><\/i><span class=\"fusion-button-text\">carta de presentaci\u00f3n <\/span><\/a><\/div><div class=\"fusion-separator fusion-full-width-sep\" style=\"align-self: center;margin-left: auto;margin-right: auto;margin-top:20px;margin-bottom:10px;width:100%;\"><div class=\"fusion-separator-border sep-single sep-solid\" style=\"border-color:#e2e2e2;border-top-width:1px;\"><\/div><\/div><div class=\"fusion-text fusion-text-2\"><p>Declaraci\u00f3n Individual de Accidente Escolar<\/p>\n<\/div><div ><style type=\"text\/css\">.fusion-button.button-2 {border-radius:0px;}.fusion-button.button-2 .fusion-button-text {text-transform:uppercase;}<\/style><a class=\"fusion-button button-flat fusion-button-default-size button-default button-2 fusion-button-span-yes fusion-button-default-type\" target=\"_blank\" rel=\"noopener noreferrer\" href=\"http:\/\/edi.ubiobio.cl\/wp-content\/uploads\/2020\/11\/accidente-escolar.pdf\"><i class=\"fa-file-pdf fas button-icon-left\" aria-hidden=\"true\"><\/i><span class=\"fusion-button-text\">DECLARACI\u00d3N de accidente<\/span><\/a><\/div><div class=\"fusion-separator fusion-full-width-sep\" style=\"align-self: center;margin-left: auto;margin-right: auto;margin-top:20px;margin-bottom:10px;width:100%;\"><div class=\"fusion-separator-border sep-single sep-solid\" style=\"border-color:#e2e2e2;border-top-width:1px;\"><\/div><\/div><div class=\"fusion-text fusion-text-3\"><p>Gu\u00eda Sobre Accidentes y Seguros: Estudiantes Universidad Del B\u00edo-B\u00edo<\/p>\n<\/div><div ><style type=\"text\/css\">.fusion-button.button-3 {border-radius:0px;}.fusion-button.button-3 .fusion-button-text {text-transform:uppercase;}<\/style><a class=\"fusion-button button-flat fusion-button-default-size button-default button-3 fusion-button-span-yes fusion-button-default-type\" target=\"_blank\" rel=\"noopener noreferrer\" href=\"http:\/\/edi.ubiobio.cl\/wp-content\/uploads\/2020\/11\/accidentes-y-seguros.pdf\"><i class=\"fa-file-pdf fas button-icon-left\" aria-hidden=\"true\"><\/i><span class=\"fusion-button-text\">GU\u00cdA SOBRE ACCIDENTES Y SEGUROS<\/span><\/a><\/div><div class=\"fusion-separator fusion-full-width-sep\" style=\"align-self: center;margin-left: auto;margin-right: auto;margin-top:20px;margin-bottom:10px;width:100%;\"><div class=\"fusion-separator-border sep-single sep-solid\" style=\"border-color:#e2e2e2;border-top-width:1px;\"><\/div><\/div><div class=\"fusion-text fusion-text-4\"><p>Gu\u00eda para la elaboracion de INFORME DE PR\u00c1CTICA<\/p>\n<\/div><div ><style type=\"text\/css\">.fusion-button.button-4 {border-radius:0px;}.fusion-button.button-4 .fusion-button-text {text-transform:uppercase;}<\/style><a class=\"fusion-button button-flat fusion-button-default-size button-default button-4 fusion-button-span-yes fusion-button-default-type\" target=\"_blank\" rel=\"noopener noreferrer\"><i class=\"fa-file-pdf fas button-icon-left\" aria-hidden=\"true\"><\/i><span class=\"fusion-button-text\">Gu\u00eda informe de pr\u00e1ctica<\/span><\/a><\/div><div class=\"fusion-separator fusion-full-width-sep\" style=\"align-self: center;margin-left: auto;margin-right: auto;margin-top:15px;margin-bottom:15px;width:100%;\"><\/div><\/div><style type=\"text\/css\">.fusion-body .fusion-builder-column-1{width:60% !important;margin-top : 0px;margin-bottom : 20px;}.fusion-builder-column-1 > .fusion-column-wrapper {padding-top : 0px !important;padding-right : 0px !important;margin-right : 3.2%;padding-bottom : 0px !important;padding-left : 0px !important;margin-left : 3.2%;}@media only screen and (max-width:1024px) {.fusion-body .fusion-builder-column-1{width:60% !important;order : 0;}.fusion-builder-column-1 > .fusion-column-wrapper {margin-right : 3.2%;margin-left : 3.2%;}}@media only screen and (max-width:640px) {.fusion-body .fusion-builder-column-1{width:100% !important;order : 0;}.fusion-builder-column-1 > .fusion-column-wrapper {margin-right : 1.92%;margin-left : 1.92%;}}<\/style><\/div><div class=\"fusion-layout-column fusion_builder_column fusion-builder-column-2 fusion_builder_column_1_5 1_5 fusion-flex-column\"><div class=\"fusion-column-wrapper fusion-flex-justify-content-flex-start fusion-content-layout-column\" style=\"background-position:left top;background-repeat:no-repeat;-webkit-background-size:cover;-moz-background-size:cover;-o-background-size:cover;background-size:cover;padding: 0px 0px 0px 0px;\"><\/div><style type=\"text\/css\">.fusion-body .fusion-builder-column-2{width:20% !important;margin-top : 0px;margin-bottom : 20px;}.fusion-builder-column-2 > .fusion-column-wrapper {padding-top : 0px !important;padding-right : 0px !important;margin-right : 9.6%;padding-bottom : 0px !important;padding-left : 0px !important;margin-left : 9.6%;}@media only screen and (max-width:1024px) {.fusion-body .fusion-builder-column-2{width:20% !important;order : 0;}.fusion-builder-column-2 > .fusion-column-wrapper {margin-right : 9.6%;margin-left : 9.6%;}}@media only screen and (max-width:640px) {.fusion-body .fusion-builder-column-2{width:100% !important;order : 0;}.fusion-builder-column-2 > .fusion-column-wrapper {margin-right : 1.92%;margin-left : 1.92%;}}<\/style><\/div><\/div><style type=\"text\/css\">.fusion-body .fusion-flex-container.fusion-builder-row-1{ padding-top : 0px;margin-top : 0px;padding-right : 0px;padding-bottom : 0px;margin-bottom : 0px;padding-left : 0px;}<\/style><\/div>\n","protected":false},"excerpt":{"rendered":"","protected":false},"author":1,"featured_media":0,"parent":0,"menu_order":0,"comment_status":"closed","ping_status":"closed","template":"","meta":{"spay_email":""},"yoast_head":"<!-- This site is optimized with the Yoast SEO plugin v16.8 - https:\/\/yoast.com\/wordpress\/plugins\/seo\/ -->\n<title>PROCESO DE PR\u00c1CTICA 2023-2024 &bull; Escuela Dise\u00f1o Industrial<\/title>\n<meta name=\"robots\" content=\"index, follow, max-snippet:-1, max-image-preview:large, max-video-preview:-1\" \/>\n<link rel=\"canonical\" href=\"http:\/\/edi.ubiobio.cl\/?page_id=816\" \/>\n<meta property=\"og:locale\" content=\"es_ES\" \/>\n<meta property=\"og:type\" content=\"article\" \/>\n<meta property=\"og:title\" content=\"PROCESO DE PR\u00c1CTICA 2023-2024 &bull; Escuela Dise\u00f1o Industrial\" \/>\n<meta property=\"og:url\" content=\"http:\/\/edi.ubiobio.cl\/?page_id=816\" \/>\n<meta property=\"og:site_name\" content=\"Escuela Dise\u00f1o Industrial\" \/>\n<meta property=\"article:publisher\" content=\"https:\/\/www.facebook.com\/EDI.UBB\" \/>\n<meta property=\"article:modified_time\" content=\"2023-10-25T01:28:27+00:00\" \/>\n<meta name=\"twitter:card\" content=\"summary_large_image\" \/>\n<meta name=\"twitter:label1\" content=\"Tiempo de lectura\" \/>\n\t<meta name=\"twitter:data1\" content=\"5 minutos\" \/>\n<script type=\"application\/ld+json\" class=\"yoast-schema-graph\">{\"@context\":\"https:\/\/schema.org\",\"@graph\":[{\"@type\":\"Organization\",\"@id\":\"https:\/\/edi.ubiobio.cl\/#organization\",\"name\":\"Escuela de Dise\\u00f1o Industrial UBB\",\"url\":\"https:\/\/edi.ubiobio.cl\/\",\"sameAs\":[\"https:\/\/www.facebook.com\/EDI.UBB\",\"https:\/\/www.instagram.com\/disenoindustrialubb\/\",\"https:\/\/www.youtube.com\/channel\/UC7p_ldfiYRE3baHPJ7yLudw\"],\"logo\":{\"@type\":\"ImageObject\",\"@id\":\"https:\/\/edi.ubiobio.cl\/#logo\",\"inLanguage\":\"es\",\"url\":\"http:\/\/edi.ubiobio.cl\/wp-content\/uploads\/2020\/11\/edicolor2b.svg\",\"contentUrl\":\"http:\/\/edi.ubiobio.cl\/wp-content\/uploads\/2020\/11\/edicolor2b.svg\",\"width\":310,\"height\":61,\"caption\":\"Escuela de Dise\\u00f1o Industrial UBB\"},\"image\":{\"@id\":\"https:\/\/edi.ubiobio.cl\/#logo\"}},{\"@type\":\"WebSite\",\"@id\":\"https:\/\/edi.ubiobio.cl\/#website\",\"url\":\"https:\/\/edi.ubiobio.cl\/\",\"name\":\"Escuela Dise\\u00f1o Industrial\",\"description\":\"Universidad del B\\u00edo-B\\u00edo\",\"publisher\":{\"@id\":\"https:\/\/edi.ubiobio.cl\/#organization\"},\"potentialAction\":[{\"@type\":\"SearchAction\",\"target\":{\"@type\":\"EntryPoint\",\"urlTemplate\":\"https:\/\/edi.ubiobio.cl\/?s={search_term_string}\"},\"query-input\":\"required name=search_term_string\"}],\"inLanguage\":\"es\"},{\"@type\":\"WebPage\",\"@id\":\"http:\/\/edi.ubiobio.cl\/?page_id=816#webpage\",\"url\":\"http:\/\/edi.ubiobio.cl\/?page_id=816\",\"name\":\"PROCESO DE PR\\u00c1CTICA 2023-2024 &bull; Escuela Dise\\u00f1o Industrial\",\"isPartOf\":{\"@id\":\"https:\/\/edi.ubiobio.cl\/#website\"},\"datePublished\":\"2023-10-24T23:47:46+00:00\",\"dateModified\":\"2023-10-25T01:28:27+00:00\",\"breadcrumb\":{\"@id\":\"http:\/\/edi.ubiobio.cl\/?page_id=816#breadcrumb\"},\"inLanguage\":\"es\",\"potentialAction\":[{\"@type\":\"ReadAction\",\"target\":[\"http:\/\/edi.ubiobio.cl\/?page_id=816\"]}]},{\"@type\":\"BreadcrumbList\",\"@id\":\"http:\/\/edi.ubiobio.cl\/?page_id=816#breadcrumb\",\"itemListElement\":[{\"@type\":\"ListItem\",\"position\":1,\"name\":\"Portada\",\"item\":\"https:\/\/edi.ubiobio.cl\/\"},{\"@type\":\"ListItem\",\"position\":2,\"name\":\"PROCESO DE PR\\u00c1CTICA 2023-2024\"}]}]}<\/script>\n<!-- \/ Yoast SEO plugin. -->","yoast_head_json":{"title":"PROCESO DE PR\u00c1CTICA 2023-2024 &bull; Escuela Dise\u00f1o Industrial","robots":{"index":"index","follow":"follow","max-snippet":"max-snippet:-1","max-image-preview":"max-image-preview:large","max-video-preview":"max-video-preview:-1"},"canonical":"http:\/\/edi.ubiobio.cl\/?page_id=816","og_locale":"es_ES","og_type":"article","og_title":"PROCESO DE PR\u00c1CTICA 2023-2024 &bull; Escuela Dise\u00f1o Industrial","og_url":"http:\/\/edi.ubiobio.cl\/?page_id=816","og_site_name":"Escuela Dise\u00f1o Industrial","article_publisher":"https:\/\/www.facebook.com\/EDI.UBB","article_modified_time":"2023-10-25T01:28:27+00:00","twitter_card":"summary_large_image","twitter_misc":{"Tiempo de lectura":"5 minutos"},"schema":{"@context":"https:\/\/schema.org","@graph":[{"@type":"Organization","@id":"https:\/\/edi.ubiobio.cl\/#organization","name":"Escuela de Dise\u00f1o Industrial UBB","url":"https:\/\/edi.ubiobio.cl\/","sameAs":["https:\/\/www.facebook.com\/EDI.UBB","https:\/\/www.instagram.com\/disenoindustrialubb\/","https:\/\/www.youtube.com\/channel\/UC7p_ldfiYRE3baHPJ7yLudw"],"logo":{"@type":"ImageObject","@id":"https:\/\/edi.ubiobio.cl\/#logo","inLanguage":"es","url":"http:\/\/edi.ubiobio.cl\/wp-content\/uploads\/2020\/11\/edicolor2b.svg","contentUrl":"http:\/\/edi.ubiobio.cl\/wp-content\/uploads\/2020\/11\/edicolor2b.svg","width":310,"height":61,"caption":"Escuela de Dise\u00f1o Industrial UBB"},"image":{"@id":"https:\/\/edi.ubiobio.cl\/#logo"}},{"@type":"WebSite","@id":"https:\/\/edi.ubiobio.cl\/#website","url":"https:\/\/edi.ubiobio.cl\/","name":"Escuela Dise\u00f1o Industrial","description":"Universidad del B\u00edo-B\u00edo","publisher":{"@id":"https:\/\/edi.ubiobio.cl\/#organization"},"potentialAction":[{"@type":"SearchAction","target":{"@type":"EntryPoint","urlTemplate":"https:\/\/edi.ubiobio.cl\/?s={search_term_string}"},"query-input":"required name=search_term_string"}],"inLanguage":"es"},{"@type":"WebPage","@id":"http:\/\/edi.ubiobio.cl\/?page_id=816#webpage","url":"http:\/\/edi.ubiobio.cl\/?page_id=816","name":"PROCESO DE PR\u00c1CTICA 2023-2024 &bull; Escuela Dise\u00f1o Industrial","isPartOf":{"@id":"https:\/\/edi.ubiobio.cl\/#website"},"datePublished":"2023-10-24T23:47:46+00:00","dateModified":"2023-10-25T01:28:27+00:00","breadcrumb":{"@id":"http:\/\/edi.ubiobio.cl\/?page_id=816#breadcrumb"},"inLanguage":"es","potentialAction":[{"@type":"ReadAction","target":["http:\/\/edi.ubiobio.cl\/?page_id=816"]}]},{"@type":"BreadcrumbList","@id":"http:\/\/edi.ubiobio.cl\/?page_id=816#breadcrumb","itemListElement":[{"@type":"ListItem","position":1,"name":"Portada","item":"https:\/\/edi.ubiobio.cl\/"},{"@type":"ListItem","position":2,"name":"PROCESO DE PR\u00c1CTICA 2023-2024"}]}]}},"jetpack_sharing_enabled":true,"_links":{"self":[{"href":"http:\/\/edi.ubiobio.cl\/index.php?rest_route=\/wp\/v2\/pages\/816"}],"collection":[{"href":"http:\/\/edi.ubiobio.cl\/index.php?rest_route=\/wp\/v2\/pages"}],"about":[{"href":"http:\/\/edi.ubiobio.cl\/index.php?rest_route=\/wp\/v2\/types\/page"}],"author":[{"embeddable":true,"href":"http:\/\/edi.ubiobio.cl\/index.php?rest_route=\/wp\/v2\/users\/1"}],"replies":[{"embeddable":true,"href":"http:\/\/edi.ubiobio.cl\/index.php?rest_route=%2Fwp%2Fv2%2Fcomments&post=816"}],"version-history":[{"count":9,"href":"http:\/\/edi.ubiobio.cl\/index.php?rest_route=\/wp\/v2\/pages\/816\/revisions"}],"predecessor-version":[{"id":842,"href":"http:\/\/edi.ubiobio.cl\/index.php?rest_route=\/wp\/v2\/pages\/816\/revisions\/842"}],"wp:attachment":[{"href":"http:\/\/edi.ubiobio.cl\/index.php?rest_route=%2Fwp%2Fv2%2Fmedia&parent=816"}],"curies":[{"name":"wp","href":"https:\/\/api.w.org\/{rel}","templated":true}]}}